{"id":30483,"date":"2024-08-22T14:35:00","date_gmt":"2024-08-22T19:35:00","guid":{"rendered":"https:\/\/comfacor.com.co\/?page_id=30483"},"modified":"2025-09-16T09:36:32","modified_gmt":"2025-09-16T14:36:32","slug":"videoformulario","status":"publish","type":"page","link":"https:\/\/comfacor.com.co\/newweb\/videoformulario\/","title":{"rendered":"Taller de Neuro Fortalezas"},"content":{"rendered":"\t\t<div data-elementor-type=\"wp-page\" data-elementor-id=\"30483\" class=\"elementor elementor-30483\" data-elementor-post-type=\"page\">\n\t\t\t\t\t\t<section class=\"elementor-section elementor-top-section elementor-element elementor-element-a5c1b56 elementor-section-boxed elementor-section-height-default elementor-section-height-default\" data-id=\"a5c1b56\" data-element_type=\"section\" data-e-type=\"section\">\n\t\t\t\t\t\t<div class=\"elementor-container elementor-column-gap-default\">\n\t\t\t\t\t<div class=\"elementor-column elementor-col-100 elementor-top-column elementor-element elementor-element-9d0d635\" data-id=\"9d0d635\" data-element_type=\"column\" data-e-type=\"column\">\n\t\t\t<div class=\"elementor-widget-wrap elementor-element-populated\">\n\t\t\t\t\t\t<div class=\"elementor-element elementor-element-e39552c elementor-widget elementor-widget-heading\" data-id=\"e39552c\" data-element_type=\"widget\" data-e-type=\"widget\" data-widget_type=\"heading.default\">\n\t\t\t\t<div class=\"elementor-widget-container\">\n\t\t\t\t\t<h2 class=\"elementor-heading-title elementor-size-default\">Video evaluativo Taller de Neuro Fortalezas <\/h2>\t\t\t\t<\/div>\n\t\t\t\t<\/div>\n\t\t\t\t\t<\/div>\n\t\t<\/div>\n\t\t\t\t\t<\/div>\n\t\t<\/section>\n\t\t\t\t<section class=\"elementor-section elementor-top-section elementor-element elementor-element-11726c1 elementor-section-boxed elementor-section-height-default elementor-section-height-default\" data-id=\"11726c1\" data-element_type=\"section\" data-e-type=\"section\">\n\t\t\t\t\t\t<div class=\"elementor-container elementor-column-gap-default\">\n\t\t\t\t\t<div class=\"elementor-column elementor-col-100 elementor-top-column elementor-element elementor-element-d455e60\" data-id=\"d455e60\" data-element_type=\"column\" data-e-type=\"column\">\n\t\t\t<div class=\"elementor-widget-wrap elementor-element-populated\">\n\t\t\t\t\t\t<div class=\"elementor-element elementor-element-995d3c7 elementor-widget elementor-widget-text-editor\" data-id=\"995d3c7\" data-element_type=\"widget\" data-e-type=\"widget\" data-widget_type=\"text-editor.default\">\n\t\t\t\t<div class=\"elementor-widget-container\">\n\t\t\t\t\t\t\t\t\t<p style=\"text-align: center;\">\u00a1Hola!<br>\n<br> Te invitamos a participar en el siguiente taller en video, preparado especialmente para ti. Ten en cuenta que es obligatorio visualizarlo en su totalidad, ya que no permite ser adelantado. Al finalizar, se habilitar\u00e1 autom\u00e1ticamente un formulario de evaluaci\u00f3n sobre los contenidos presentados. Tu participaci\u00f3n en este proceso es fundamental.<\/p>\n<p style=\"text-align: center;\">\u00a1Esperamos que te resulte interesante y \u00fatil!<\/p>\t\t\t\t\t\t\t\t<\/div>\n\t\t\t\t<\/div>\n\t\t\t\t\t<\/div>\n\t\t<\/div>\n\t\t\t\t\t<\/div>\n\t\t<\/section>\n\t\t\t\t<section class=\"elementor-section elementor-top-section elementor-element elementor-element-b77141e elementor-section-boxed elementor-section-height-default elementor-section-height-default\" data-id=\"b77141e\" data-element_type=\"section\" data-e-type=\"section\">\n\t\t\t\t\t\t<div class=\"elementor-container elementor-column-gap-default\">\n\t\t\t\t\t<div class=\"elementor-column elementor-col-100 elementor-top-column elementor-element elementor-element-4e69b9f\" data-id=\"4e69b9f\" data-element_type=\"column\" data-e-type=\"column\">\n\t\t\t<div class=\"elementor-widget-wrap elementor-element-populated\">\n\t\t\t\t\t\t<div class=\"elementor-element elementor-element-5316ec4 elementor-widget elementor-widget-html\" data-id=\"5316ec4\" data-element_type=\"widget\" data-e-type=\"widget\" data-widget_type=\"html.default\">\n\t\t\t\t<div class=\"elementor-widget-container\">\n\t\t\t\t\t<!DOCTYPE html>\r\n<html lang=\"es\">\r\n<head>\r\n  <meta charset=\"utf-8\" \/>\r\n  <meta name=\"viewport\" content=\"width=device-width,initial-scale=1\" \/>\r\n  <title>Video + Microsoft Forms (creaci\u00f3n din\u00e1mica)<\/title>\r\n  <style>\r\n    body { margin:0; font-family: sans-serif; background:#f7f7f7; }\r\n    #video {\r\n      width:100%;\r\n      height:80vh;\r\n      max-height:1080px;\r\n      display:block;\r\n      position:relative;\r\n      z-index:1;\r\n    }\r\n    #formulario-google {\r\n      display:none;           \/* oculto hasta que se inserte el iframe *\/\r\n      position:relative;\r\n      z-index:2;\r\n      width:100%;\r\n      height:100vh;\r\n      box-sizing:border-box;\r\n      background:#fff;\r\n      padding: 20px;\r\n    }\r\n  <\/style>\r\n<\/head>\r\n<body>\r\n\r\n  <!-- YouTube -->\r\n  <iframe id=\"video\"\r\n    src=\"https:\/\/www.youtube.com\/embed\/C0649-mif_I?enablejsapi=1&controls=0&autoplay=1&mute=1&disablekb=1&modestbranding=1\"\r\n    frameborder=\"0\" allow=\"autoplay; encrypted-media\" allowfullscreen>\r\n  <\/iframe>\r\n\r\n  <!-- contenedor donde se a\u00f1adir\u00e1 el iframe del formulario -->\r\n  <div id=\"formulario-google\"><\/div>\r\n\r\n  <script src=\"https:\/\/www.youtube.com\/iframe_api\"><\/script>\r\n  <script>\r\n    var player;\r\n    function onYouTubeIframeAPIReady() {\r\n      player = new YT.Player('video', {\r\n        events: {\r\n          'onReady': function(e){\r\n            \/\/ intentar quitar mute (si el navegador lo permite)\r\n            try{ e.target.unMute(); } catch(e){}\r\n            try{ e.target.setPlaybackQuality('hd1080'); } catch(e){}\r\n          },\r\n          'onStateChange': onPlayerStateChange\r\n        }\r\n      });\r\n    }\r\n\r\n    function onPlayerStateChange(event) {\r\n      if (event.data === YT.PlayerState.ENDED) {\r\n        showForm();\r\n      }\r\n    }\r\n\r\n    function showForm(){\r\n      var container = document.getElementById('formulario-google');\r\n\r\n      \/\/ Si ya creamos el iframe, solo mostramos\r\n      if (container.dataset.loaded === \"1\") {\r\n        container.style.display = 'block';\r\n        return;\r\n      }\r\n\r\n      \/\/ Ocultar el v\u00eddeo\r\n      document.getElementById('video').style.display = 'none';\r\n\r\n      \/\/ Crear el iframe solo ahora (as\u00ed Forms carga correctamente)\r\n      var iframe = document.createElement('iframe');\r\n\r\n      \/\/ usa aqu\u00ed tu URL de embed (preferible la que te da \"Compartir -> Insertar\" en Forms)\r\n      iframe.src = \"https:\/\/forms.office.com\/pages\/responsepage.aspx?id=J7lOjfGP2EmiUGUWtHDsm-RUWI4EXv9Kt9iQFuT7VdFUNDgxTzBXOEpWRFM4SjZPOEZaUVVRMlVUTS4u&embed=true\";\r\n      iframe.width = \"100%\";\r\n      iframe.height = \"100%\";\r\n      iframe.frameBorder = \"0\";\r\n      iframe.style.border = \"none\";\r\n      iframe.allowFullscreen = true;\r\n      iframe.setAttribute('webkitallowfullscreen','');\r\n      iframe.setAttribute('mozallowfullscreen','');\r\n      iframe.setAttribute('msallowfullscreen','');\r\n\r\n      container.appendChild(iframe);\r\n      container.dataset.loaded = \"1\";\r\n      container.style.display = 'block';\r\n    }\r\n  <\/script>\r\n<\/body>\r\n<\/html>\r\n\t\t\t\t<\/div>\n\t\t\t\t<\/div>\n\t\t\t\t\t<\/div>\n\t\t<\/div>\n\t\t\t\t\t<\/div>\n\t\t<\/section>\n\t\t\t\t<\/div>\n\t\t","protected":false},"excerpt":{"rendered":"<p>Video evaluativo Taller de Neuro Fortalezas \u00a1Hola! Te invitamos a participar en el siguiente taller en video, preparado especialmente para ti. Ten en cuenta que es obligatorio visualizarlo en su totalidad, ya que no permite ser adelantado. Al finalizar, se habilitar\u00e1 autom\u00e1ticamente un formulario de evaluaci\u00f3n sobre los contenidos presentados. Tu participaci\u00f3n en este proceso [&hellip;]<\/p>\n","protected":false},"author":4,"featured_media":0,"parent":0,"menu_order":0,"comment_status":"closed","ping_status":"closed","template":"","meta":{"site-sidebar-layout":"no-sidebar","site-content-layout":"page-builder","ast-site-content-layout":"full-width-container","site-content-style":"default","site-sidebar-style":"default","ast-global-header-display":"","ast-banner-title-visibility":"","ast-main-header-display":"","ast-hfb-above-header-display":"","ast-hfb-below-header-display":"","ast-hfb-mobile-header-display":"","site-post-title":"disabled","ast-breadcrumbs-content":"","ast-featured-img":"disabled","footer-sml-layout":"","ast-disable-related-posts":"","theme-transparent-header-meta":"","adv-header-id-meta":"","stick-header-meta":"","header-above-stick-meta":"","header-main-stick-meta":"","header-below-stick-meta":"","astra-migrate-meta-layouts":"set","ast-page-background-enabled":"default","ast-page-background-meta":{"desktop":{"background-color":"var(--ast-global-color-4)","background-image":"","background-repeat":"repeat","background-position":"center center","background-size":"auto","background-attachment":"scroll","background-type":"","background-media":"","overlay-type":"","overlay-color":"","overlay-opacity":"","overlay-gradient":""},"tablet":{"background-color":"","background-image":"","background-repeat":"repeat","background-position":"center center","background-size":"auto","background-attachment":"scroll","background-type":"","background-media":"","overlay-type":"","overlay-color":"","overlay-opacity":"","overlay-gradient":""},"mobile":{"background-color":"","background-image":"","background-repeat":"repeat","background-position":"center center","background-size":"auto","background-attachment":"scroll","background-type":"","background-media":"","overlay-type":"","overlay-color":"","overlay-opacity":"","overlay-gradient":""}},"ast-content-background-meta":{"desktop":{"background-color":"var(--ast-global-color-5)","background-image":"","background-repeat":"repeat","background-position":"center center","background-size":"auto","background-attachment":"scroll","background-type":"","background-media":"","overlay-type":"","overlay-color":"","overlay-opacity":"","overlay-gradient":""},"tablet":{"background-color":"var(--ast-global-color-5)","background-image":"","background-repeat":"repeat","background-position":"center center","background-size":"auto","background-attachment":"scroll","background-type":"","background-media":"","overlay-type":"","overlay-color":"","overlay-opacity":"","overlay-gradient":""},"mobile":{"background-color":"var(--ast-global-color-5)","background-image":"","background-repeat":"repeat","background-position":"center center","background-size":"auto","background-attachment":"scroll","background-type":"","background-media":"","overlay-type":"","overlay-color":"","overlay-opacity":"","overlay-gradient":""}},"footnotes":""},"class_list":["post-30483","page","type-page","status-publish","hentry"],"yoast_head":"<!-- This site is optimized with the Yoast SEO plugin v27.5 - https:\/\/yoast.com\/product\/yoast-seo-wordpress\/ -->\n<title>Taller de Neuro Fortalezas - Comfacor<\/title>\n<meta name=\"robots\" content=\"index, follow, max-snippet:-1, max-image-preview:large, max-video-preview:-1\" \/>\n<link rel=\"canonical\" href=\"https:\/\/comfacor.com.co\/newweb\/videoformulario\/\" \/>\n<meta property=\"og:locale\" content=\"es_ES\" \/>\n<meta property=\"og:type\" content=\"article\" \/>\n<meta property=\"og:title\" content=\"Taller de Neuro Fortalezas - Comfacor\" \/>\n<meta property=\"og:description\" content=\"Video evaluativo Taller de Neuro Fortalezas \u00a1Hola! Te invitamos a participar en el siguiente taller en video, preparado especialmente para ti. Ten en cuenta que es obligatorio visualizarlo en su totalidad, ya que no permite ser adelantado. Al finalizar, se habilitar\u00e1 autom\u00e1ticamente un formulario de evaluaci\u00f3n sobre los contenidos presentados. Tu participaci\u00f3n en este proceso [&hellip;]\" \/>\n<meta property=\"og:url\" content=\"https:\/\/comfacor.com.co\/newweb\/videoformulario\/\" \/>\n<meta property=\"og:site_name\" content=\"Comfacor\" \/>\n<meta property=\"article:publisher\" content=\"https:\/\/www.facebook.com\/comfacoroficial\" \/>\n<meta property=\"article:modified_time\" content=\"2025-09-16T14:36:32+00:00\" \/>\n<meta name=\"twitter:card\" content=\"summary_large_image\" \/>\n<meta name=\"twitter:site\" content=\"@comfacoroficial\" \/>\n<meta name=\"twitter:label1\" content=\"Tiempo de lectura\" \/>\n\t<meta name=\"twitter:data1\" content=\"1 minuto\" \/>\n<script type=\"application\/ld+json\" class=\"yoast-schema-graph\">{\"@context\":\"https:\\\/\\\/schema.org\",\"@graph\":[{\"@type\":\"WebPage\",\"@id\":\"https:\\\/\\\/comfacor.com.co\\\/newweb\\\/videoformulario\\\/\",\"url\":\"https:\\\/\\\/comfacor.com.co\\\/newweb\\\/videoformulario\\\/\",\"name\":\"Taller de Neuro Fortalezas - Comfacor\",\"isPartOf\":{\"@id\":\"https:\\\/\\\/comfacor.com.co\\\/newweb\\\/#website\"},\"datePublished\":\"2024-08-22T19:35:00+00:00\",\"dateModified\":\"2025-09-16T14:36:32+00:00\",\"inLanguage\":\"es-CO\",\"potentialAction\":[{\"@type\":\"ReadAction\",\"target\":[\"https:\\\/\\\/comfacor.com.co\\\/newweb\\\/videoformulario\\\/\"]}]},{\"@type\":\"WebSite\",\"@id\":\"https:\\\/\\\/comfacor.com.co\\\/newweb\\\/#website\",\"url\":\"https:\\\/\\\/comfacor.com.co\\\/newweb\\\/\",\"name\":\"Comfacor\",\"description\":\"Caja de Compensaci\u00f3n de C\u00f3rdoba\",\"publisher\":{\"@id\":\"https:\\\/\\\/comfacor.com.co\\\/newweb\\\/#organization\"},\"potentialAction\":[{\"@type\":\"SearchAction\",\"target\":{\"@type\":\"EntryPoint\",\"urlTemplate\":\"https:\\\/\\\/comfacor.com.co\\\/newweb\\\/?s={search_term_string}\"},\"query-input\":{\"@type\":\"PropertyValueSpecification\",\"valueRequired\":true,\"valueName\":\"search_term_string\"}}],\"inLanguage\":\"es-CO\"},{\"@type\":\"Organization\",\"@id\":\"https:\\\/\\\/comfacor.com.co\\\/newweb\\\/#organization\",\"name\":\"Comfacor\",\"url\":\"https:\\\/\\\/comfacor.com.co\\\/newweb\\\/\",\"logo\":{\"@type\":\"ImageObject\",\"inLanguage\":\"es-CO\",\"@id\":\"https:\\\/\\\/comfacor.com.co\\\/newweb\\\/#\\\/schema\\\/logo\\\/image\\\/\",\"url\":\"https:\\\/\\\/comfacor.com.co\\\/newweb\\\/wp-content\\\/uploads\\\/2022\\\/07\\\/MANUAL-CORPORATIVO-COMFACOR.png\",\"contentUrl\":\"https:\\\/\\\/comfacor.com.co\\\/newweb\\\/wp-content\\\/uploads\\\/2022\\\/07\\\/MANUAL-CORPORATIVO-COMFACOR.png\",\"width\":160,\"height\":100,\"caption\":\"Comfacor\"},\"image\":{\"@id\":\"https:\\\/\\\/comfacor.com.co\\\/newweb\\\/#\\\/schema\\\/logo\\\/image\\\/\"},\"sameAs\":[\"https:\\\/\\\/www.facebook.com\\\/comfacoroficial\",\"https:\\\/\\\/x.com\\\/comfacoroficial\",\"https:\\\/\\\/www.instagram.com\\\/comfacoroficial\\\/\"]}]}<\/script>\n<!-- \/ Yoast SEO plugin. -->","yoast_head_json":{"title":"Taller de Neuro Fortalezas - Comfacor","robots":{"index":"index","follow":"follow","max-snippet":"max-snippet:-1","max-image-preview":"max-image-preview:large","max-video-preview":"max-video-preview:-1"},"canonical":"https:\/\/comfacor.com.co\/newweb\/videoformulario\/","og_locale":"es_ES","og_type":"article","og_title":"Taller de Neuro Fortalezas - Comfacor","og_description":"Video evaluativo Taller de Neuro Fortalezas \u00a1Hola! Te invitamos a participar en el siguiente taller en video, preparado especialmente para ti. Ten en cuenta que es obligatorio visualizarlo en su totalidad, ya que no permite ser adelantado. Al finalizar, se habilitar\u00e1 autom\u00e1ticamente un formulario de evaluaci\u00f3n sobre los contenidos presentados. Tu participaci\u00f3n en este proceso [&hellip;]","og_url":"https:\/\/comfacor.com.co\/newweb\/videoformulario\/","og_site_name":"Comfacor","article_publisher":"https:\/\/www.facebook.com\/comfacoroficial","article_modified_time":"2025-09-16T14:36:32+00:00","twitter_card":"summary_large_image","twitter_site":"@comfacoroficial","twitter_misc":{"Tiempo de lectura":"1 minuto"},"schema":{"@context":"https:\/\/schema.org","@graph":[{"@type":"WebPage","@id":"https:\/\/comfacor.com.co\/newweb\/videoformulario\/","url":"https:\/\/comfacor.com.co\/newweb\/videoformulario\/","name":"Taller de Neuro Fortalezas - Comfacor","isPartOf":{"@id":"https:\/\/comfacor.com.co\/newweb\/#website"},"datePublished":"2024-08-22T19:35:00+00:00","dateModified":"2025-09-16T14:36:32+00:00","inLanguage":"es-CO","potentialAction":[{"@type":"ReadAction","target":["https:\/\/comfacor.com.co\/newweb\/videoformulario\/"]}]},{"@type":"WebSite","@id":"https:\/\/comfacor.com.co\/newweb\/#website","url":"https:\/\/comfacor.com.co\/newweb\/","name":"Comfacor","description":"Caja de Compensaci\u00f3n de C\u00f3rdoba","publisher":{"@id":"https:\/\/comfacor.com.co\/newweb\/#organization"},"potentialAction":[{"@type":"SearchAction","target":{"@type":"EntryPoint","urlTemplate":"https:\/\/comfacor.com.co\/newweb\/?s={search_term_string}"},"query-input":{"@type":"PropertyValueSpecification","valueRequired":true,"valueName":"search_term_string"}}],"inLanguage":"es-CO"},{"@type":"Organization","@id":"https:\/\/comfacor.com.co\/newweb\/#organization","name":"Comfacor","url":"https:\/\/comfacor.com.co\/newweb\/","logo":{"@type":"ImageObject","inLanguage":"es-CO","@id":"https:\/\/comfacor.com.co\/newweb\/#\/schema\/logo\/image\/","url":"https:\/\/comfacor.com.co\/newweb\/wp-content\/uploads\/2022\/07\/MANUAL-CORPORATIVO-COMFACOR.png","contentUrl":"https:\/\/comfacor.com.co\/newweb\/wp-content\/uploads\/2022\/07\/MANUAL-CORPORATIVO-COMFACOR.png","width":160,"height":100,"caption":"Comfacor"},"image":{"@id":"https:\/\/comfacor.com.co\/newweb\/#\/schema\/logo\/image\/"},"sameAs":["https:\/\/www.facebook.com\/comfacoroficial","https:\/\/x.com\/comfacoroficial","https:\/\/www.instagram.com\/comfacoroficial\/"]}]}},"_links":{"self":[{"href":"https:\/\/comfacor.com.co\/newweb\/wp-json\/wp\/v2\/pages\/30483","targetHints":{"allow":["GET"]}}],"collection":[{"href":"https:\/\/comfacor.com.co\/newweb\/wp-json\/wp\/v2\/pages"}],"about":[{"href":"https:\/\/comfacor.com.co\/newweb\/wp-json\/wp\/v2\/types\/page"}],"author":[{"embeddable":true,"href":"https:\/\/comfacor.com.co\/newweb\/wp-json\/wp\/v2\/users\/4"}],"replies":[{"embeddable":true,"href":"https:\/\/comfacor.com.co\/newweb\/wp-json\/wp\/v2\/comments?post=30483"}],"version-history":[{"count":101,"href":"https:\/\/comfacor.com.co\/newweb\/wp-json\/wp\/v2\/pages\/30483\/revisions"}],"predecessor-version":[{"id":42989,"href":"https:\/\/comfacor.com.co\/newweb\/wp-json\/wp\/v2\/pages\/30483\/revisions\/42989"}],"wp:attachment":[{"href":"https:\/\/comfacor.com.co\/newweb\/wp-json\/wp\/v2\/media?parent=30483"}],"curies":[{"name":"wp","href":"https:\/\/api.w.org\/{rel}","templated":true}]}}