{"id":1597,"date":"2019-08-20T22:14:04","date_gmt":"2019-08-20T22:14:04","guid":{"rendered":"http:\/\/www.ps-comfacorepsenliquidacion.com.co\/?page_id=1597"},"modified":"2020-03-26T18:40:06","modified_gmt":"2020-03-26T18:40:06","slug":"evidencias-publicaciones","status":"publish","type":"page","link":"https:\/\/comfacor.com.co\/epsliquidada\/?page_id=1597","title":{"rendered":"Evidencias publicaciones"},"content":{"rendered":"\n<h2 class=\"has-text-align-center\">Publicaci\u00f3n 21 de agosto &#8211; El Meridiano de C\u00f3rdoba<\/h2>\n\n\n\n<div class=\"wp-block-button aligncenter\"><\/div>\n\n\n\n<hr class=\"wp-block-separator\"\/>\n\n\n\n<h2 class=\"has-text-align-center\">Publicaci\u00f3n 21 de agosto 2019- El Heraldo<\/h2>\n\n\n\n<div class=\"wp-block-button aligncenter\"><\/div>\n\n\n\n<hr class=\"wp-block-separator\"\/>\n\n\n\n<h2 class=\"has-text-align-center\">Publicaci\u00f3n 5 de agosto 2019 &#8211; El Meridiano de C\u00f3rdoba<\/h2>\n\n\n\n<div class=\"wp-block-button aligncenter\"><\/div>\n\n\n\n<hr class=\"wp-block-separator\"\/>\n\n\n\n<h2 class=\"has-text-align-center\">Publicaci\u00f3n 5 de agosto 2019 &#8211; El Heraldo<\/h2>\n\n\n\n<div class=\"wp-block-button aligncenter\"><\/div>\n\n\n\n<hr class=\"wp-block-separator\"\/>\n\n\n\n<h2 class=\"has-text-align-center\">Publicaci\u00f3n 31 de julio 2019 &#8211; El Meridiano de C\u00f3rdoba<\/h2>\n\n\n\n<div class=\"wp-block-button aligncenter\"><\/div>\n\n\n\n<hr class=\"wp-block-separator\"\/>\n\n\n\n<h2 class=\"has-text-align-center\">Publicaci\u00f3n 31 de Julio 2019 &#8211; La Rep\u00fablica<\/h2>\n\n\n\n<div class=\"wp-block-button aligncenter\"><\/div>\n\n\n\n<hr class=\"wp-block-separator\"\/>\n\n\n\n<h2 class=\"has-text-align-center\">Publicaci\u00f3n 31 de julio 2019 &#8211; El Heraldo<\/h2>\n\n\n\n<div class=\"wp-block-button aligncenter\"><\/div>\n\n\n\n<hr class=\"wp-block-separator\"\/>\n","protected":false},"excerpt":{"rendered":"<p>Publicaci\u00f3n 21 de agosto &#8211; El Meridiano de C\u00f3rdoba Publicaci\u00f3n 21 de agosto 2019- El Heraldo Publicaci\u00f3n 5 de agosto 2019 &#8211; El Meridiano de C\u00f3rdoba Publicaci\u00f3n 5 de agosto &#8230;<\/p>\n","protected":false},"author":3,"featured_media":0,"parent":0,"menu_order":0,"comment_status":"closed","ping_status":"closed","template":"","meta":{"spay_email":""},"_links":{"self":[{"href":"https:\/\/comfacor.com.co\/epsliquidada\/index.php?rest_route=\/wp\/v2\/pages\/1597"}],"collection":[{"href":"https:\/\/comfacor.com.co\/epsliquidada\/index.php?rest_route=\/wp\/v2\/pages"}],"about":[{"href":"https:\/\/comfacor.com.co\/epsliquidada\/index.php?rest_route=\/wp\/v2\/types\/page"}],"author":[{"embeddable":true,"href":"https:\/\/comfacor.com.co\/epsliquidada\/index.php?rest_route=\/wp\/v2\/users\/3"}],"replies":[{"embeddable":true,"href":"https:\/\/comfacor.com.co\/epsliquidada\/index.php?rest_route=%2Fwp%2Fv2%2Fcomments&post=1597"}],"version-history":[{"count":5,"href":"https:\/\/comfacor.com.co\/epsliquidada\/index.php?rest_route=\/wp\/v2\/pages\/1597\/revisions"}],"predecessor-version":[{"id":1779,"href":"https:\/\/comfacor.com.co\/epsliquidada\/index.php?rest_route=\/wp\/v2\/pages\/1597\/revisions\/1779"}],"wp:attachment":[{"href":"https:\/\/comfacor.com.co\/epsliquidada\/index.php?rest_route=%2Fwp%2Fv2%2Fmedia&parent=1597"}],"curies":[{"name":"wp","href":"https:\/\/api.w.org\/{rel}","templated":true}]}}

<h2 class="has-text-align-center">Publicación 21 de agosto &#8211; El Meridiano de Córdoba</h2>



<div class="wp-block-button aligncenter"></div>



<hr class="wp-block-separator"/>



<h2 class="has-text-align-center">Publicación 21 de agosto 2019- El Heraldo</h2>



<div class="wp-block-button aligncenter"></div>



<hr class="wp-block-separator"/>



<h2 class="has-text-align-center">Publicación 5 de agosto 2019 &#8211; El Meridiano de Córdoba</h2>



<div class="wp-block-button aligncenter"></div>



<hr class="wp-block-separator"/>



<h2 class="has-text-align-center">Publicación 5 de agosto 2019 &#8211; El Heraldo</h2>



<div class="wp-block-button aligncenter"></div>



<hr class="wp-block-separator"/>



<h2 class="has-text-align-center">Publicación 31 de julio 2019 &#8211; El Meridiano de Córdoba</h2>



<div class="wp-block-button aligncenter"></div>



<hr class="wp-block-separator"/>



<h2 class="has-text-align-center">Publicación 31 de Julio 2019 &#8211; La República</h2>



<div class="wp-block-button aligncenter"></div>



<hr class="wp-block-separator"/>



<h2 class="has-text-align-center">Publicación 31 de julio 2019 &#8211; El Heraldo</h2>



<div class="wp-block-button aligncenter"></div>



<hr class="wp-block-separator"/>

<p>Publicación 21 de agosto &#8211; El Meridiano de Córdoba Publicación 21 de agosto 2019- El Heraldo Publicación 5 de agosto 2019 &#8211; El Meridiano de Córdoba Publicación 5 de agosto &#8230;</p>
